st common factor of r and 32.
16
Let b be (-16)/(((-4)/(-3))/(6/(-9))). Let q(o) = -o**3 + 9*o**2 - 8*o + 8. Let k be q(8). What is the greatest common factor of b and k?
8
Suppose -4*b = -7*b - 18. Let f(p) = -p**3 - 8*p**2 - 9*p - 1. Let q be f(b). Let k = 29 + q. Calculate the highest common divisor of k and 2.
2
Suppose c + 2 = -58. Let i be ((-18)/(-5))/((-24)/c). What is the greatest common factor of 81 and i?
9
Let n = 54 + -38. What is the highest common divisor of n and 144?
16
Let z = -74 + 103. Suppose -o + z = -1. What is the greatest common divisor of 12 and o?
6
Suppose 0 = 8*h - 8 - 232. What is the highest common factor of 10 and h?
10
Let z(u) = u**3 + 8*u**2 + 7*u + 2. Let x be z(-7). Calculate the greatest common factor of x and 14.
2
Let d = 425 - 607. Let r = -125 - d. Let y be -2 - r/((-3)/1). Calculate the highest common divisor of 17 and y.
17
Suppose 4*k + 16 = 0, -g = 5*k - 4 - 3. Suppose 2*r = -3*r + 15. Calculate the highest common divisor of g and r.
3
Let h = -6 - -4. Let i = h + 5. Let u be (4 - 2) + (0 - -1). What is the highest common factor of i and u?
3
Suppose 4*m - 4 = 2*f + 2, -4*f + 2*m = -18. Suppose 5*s - 811 - 89 = 0. Suppose -2*c = -s + 26. What is the highest common factor of f and c?
7
Let m(c) = 6*c**2 - c - 1. Let t be m(-1). Let y be (-8)/2*(-6)/8. Calculate the greatest common divisor of t and y.
3
Suppose g - 95 = -50. What is the greatest common factor of 75 and g?
15
Let b be (0 + -1)/(2/(-6)). Let h = 16 - -15. Suppose h = b*g - 32. Calculate the greatest common factor of g and 7.
7
Suppose 2 = 5*n - 3. Let t = n - -5. Calculate the highest common divisor of 48 and t.
6
Let p(l) = 2*l**2 - 7*l - 1. Let s be p(7). What is the greatest common factor of s and 6?
6
Let n = -13 - -53. Calculate the highest common factor of n and 5.
5
Let z(s) = 7*s. Let v be z(-2). Let c be (-3)/(-6) - v/4. Suppose 3*h = 52 + 68. Calculate the highest common factor of c and h.
4
Suppose 4*l - 135 = 697. Calculate the highest common divisor of l and 26.
26
Let h be (4 + -6)/(((-30)/(-63))/(-5)). What is the greatest common factor of h and 168?
21
Let d be (162/15)/(2/5). Calculate the greatest common factor of d and 108.
27
Suppose 3*m - m - 4 = 0. Suppose m*t = -2*y - 2*t + 8, 20 = 5*y - 3*t. Suppose 6 = -y*x + 38. What is the greatest common divisor of 64 and x?
8
Let d = -10 - -38. Calculate the highest common factor of d and 14.
14
Suppose 2*c = 5*a + 30, -2*a - 21 = -c + 2*a. What is the greatest common factor of 35 and c?
5
Suppose 14 = 2*f - 4*n, -n + 81 = 5*f + 13. Let g = 4 + f. Suppose -2*w + w + g = 0. What is the greatest common divisor of 85 and w?
17
Suppose 0*o + 5*b - 15 = -5*o, 5*o + 3*b = 23. Calculate the greatest common divisor of 56 and o.
7
Let v be 7/14*(1 + -1). Let h be 6 + (v - 3) + 5. Calculate the greatest common divisor of 64 and h.
8
Let f = 150 + -87. Suppose -4*d + 194 = 5*t, 4*t = 2*d + 2*d + 184. Calculate the greatest common divisor of t and f.
21
Suppose v - 4*v - 18 = 5*l, 0 = 3*l + 4*v + 13. Let c be (l - -23)*(-36)/(-10). Suppose -60 = u - 6*u. What is the highest common factor of c and u?
12
Suppose v + 2 = -v + o, v + 11 = -2*o. Let s be 23 + v + -2 + -1. Let k = -100 - -185. Calculate the greatest common factor of s and k.
17
Let m(t) = -7*t**3 - 3*t**2 - 2*t + 2. Let q be m(-2). Calculate the greatest common factor of q and 10.
10
Suppose 5*g = g + 104. What is the highest common divisor of 78 and g?
26
Let o = 7 - -33. Let b = 5 - -55. Calculate the highest common divisor of b and o.
20
Suppose 4*z - 844 - 20 = 0. Let a be (-2)/(-8) - z/(-32). Calculate the greatest common factor of 14 and a.
7
Let u(d) = 2*d + 7. Let t be u(9). Let a be (-15)/6*(-1 + -1). What is the greatest common factor of t and a?
5
Let v = 27 + 39. Let w = 7 + -21. Let d be 2/4 + (-77)/w. Calculate the highest common divisor of d and v.
6
Suppose p - 3*q = -2*p + 3, 0 = -2*q - 2. Let n(t) = -t**2 - t - 3. Let w be n(p). Let c be (14/(-3))/(1/w). What is the highest common factor of c and 14?
14
Let z be (-1 + -4 + 2)/(-1). Let g be 8*-3*(-1)/z. What is the greatest common factor of 72 and g?
8
Suppose -44 = -4*d + 8. Suppose 3*c + 0*u - 51 = 3*u, 5*u = -20. What is the greatest common divisor of c and d?
13
Let n = 229 - 171. What is the highest common divisor of n and 87?
29
Suppose 2*k = -3*x + 272, 5*x = 5*k - k + 424. Calculate the highest common divisor of 22 and x.
22
Let j = -16 - -19. Let c be 10/3 - j/9. Suppose 5*l - 14 = 46. What is the greatest common factor of l and c?
3
Let o be (-1 - (-4)/(-2))*1. Let s = 37 - o. Calculate the highest common factor of s and 5.
5
Suppose 2*d + 3*w = 5*w + 214, -3*w = 5*d - 519. Let n(i) = i**3 + 17*i**2 + 42*i + 15. Let a be n(-14). What is the greatest common divisor of d and a?
15
Let i(t) = -t**3 + 7*t**2 - 2*t - 3. Let z be i(6). Suppose -1155 = 7*a - 12*a. What is the greatest common divisor of a and z?
21
Suppose -14 = -3*q + 3*p + 1, 0 = -2*q - p + 16. What is the highest common divisor of 91 and q?
7
Suppose -321 = -5*h - 3*x, 4*x + 181 = h + 2*h. What is the greatest common divisor of 9 and h?
9
Let w = -2 - -5. Suppose d + 3*d - 24 = 3*x, -w*x = -5*d + 30. Let v be 4/((-2 - -6)/2). What is the greatest common divisor of v and d?
2
Let t(z) = z**3 + 5*z**2 - 5*z + 3. Let h be t(-5). Let l = -330 + 582. Calculate the highest common factor of h and l.
28
Suppose -60*c = -58*c - 110. What is the greatest common divisor of 22 and c?
11
Let c(d) = -d**2 + 11*d - 5. Let t be c(10). What is the highest common factor of t and 15?
5
Suppose 4*f = 4*m - 28, 5*f + 21 = 1. Suppose 4*n = -m + 43. Suppose -4*j + 6*j - 4 = 0. What is the highest common divisor of j and n?
2
Let g be 2 + 2 + -1 + (21 - 25). Let t be 14/6 - (-1)/(-3). Let a = t - g. What is the greatest common factor of 12 and a?
3
Let g = -5 - -26. Suppose 0*t - 14*t + 294 = 0. Calculate the highest common divisor of t and g.
21
Let p(w) = -w**3 - 4*w**2 + w + 3. Let k be p(-3). Let g(c) = -c - 7. Let u be g(k). Calculate the highest common factor of 22 and u.
2
Let z = 29 - 5. Let m be ((-72)/6)/(4/(-10)). Suppose -6 - m = -c. What is the highest common divisor of c and z?
12
Let x(c) = -30*c**2 + 4*c - 3. Let l(g) = -59*g**2 + 7*g - 5. Let v(f) = -3*l(f) + 5*x(f). Let s be v(-1). What is the highest common divisor of s and 14?
14
Suppose -4*t = -4*f - 496, t = f - 3*f + 115. Calculate the highest common factor of 11 and t.
11
Let x = -76 + 120. Let g = x + -20. Suppose i + p - 12 = 0, 5*i - 3*p + 2*p - 60 = 0. What is the greatest common factor of g and i?
12
Suppose x - 6 = -2*d + 20, -144 = -5*x - 3*d. What is the highest common factor of 40 and x?
10
Suppose 4 = 2*d, c + c - 4*d - 34 = 0. Suppose r + 17 = 5*s, 3*r = 3*s - 6 + 3. Calculate the greatest common factor of c and r.
3
Suppose 7*b - 288 = -b. What is the greatest common divisor of b and 9?
9
Let i = -86 - -9. Let b = 143 + i. What is the highest common factor of 6 and b?
6
Suppose 2*u - 46 = -4*v, -5*u - 5*v = -79 - 26. Let s be 3*228/45*10. Calculate the greatest common factor of s and u.
19
Let u = 433 + -420. Let j = -11 - -24. Calculate the greatest common divisor of u and j.
13
Suppose p - 12 = 18. Let a(d) = 5*d - 70. Let j be a(17). Calculate the greatest common divisor of p and j.
15
Let p(o) = -o**2 + 75. Let d be p(0). Let y be (-182)/(-3) - (-6)/(-9). Suppose -c + 3*c = y. What is the greatest common divisor of c and d?
15
Suppose 4*p - 2*p = -50. Let i = -8 - -2. Let k = i - p. What is the highest common factor of k and 19?
19
Suppose -2*u + 0*u = -20. Let x = 161 - 328. Let y = x + 237. Calculate the highest common divisor of u and y.
10
Let x = 17 + -10. Suppose -64 = 3*b - x*b. Suppose -s + 1 = -4, -4*i - 3*s + 111 = 0. Calculate the greatest common divisor of i and b.
8
Let d(k) = k**2 + 12*k + k - 3*k. Let b be d(-12). Calculate the highest common divisor of b and 24.
24
Suppose -4*w + 2*x - 28 = -3*x, -8 = -2*x. Let q be (-1434)/(-12) + w/(-4). What is the highest common divisor of 20 and q?
20
Suppose -54 + 2 = -13*j. What is the highest common divisor of j and 16?
4
Let q be 8/10*(-200)/(-4). Suppose x - 3*z - q = 0, -32 + 2 = -x + 5*z. Let h(r) = 2*r + 1. Let b be h(5). What is the greatest common fac